t f be (-1 - 0/1) + 14. Let h = 14 - -4. Let d = h - f. What is the units digit of d?
5
Let h be 1501/5 + (-5)/25. Suppose -h = -5*f - 0*f. What is the units digit of f/8 - (-2)/4?
8
Let h = 2 + -1. Suppose 0 = -4*q + w + 8, -3*q - 3*w = -h - 5. What is the units digit of q?
2
Let m be (-2)/(-12) + 87/18. Let l(q) = -m*q - q**3 - 2*q**2 + 3*q + q + 4. What is the units digit of l(-3)?
6
Suppose 6 = i - 0. Let z(x) = 0 + x**2 + 5 - i*x - 3. What is the units digit of z(7)?
9
What is the units digit of 3/((-237)/246 + 1)?
2
Let f(g) = -13*g**2 + 71. Let s(l) = -7*l**2 + 36. Let i(x) = 6*f(x) - 11*s(x). What is the tens digit of i(0)?
3
Suppose 3*b = b. Let a = -2 + b. What is the tens digit of -1 - (a - 7 - 2)?
1
Let d(n) = 19*n - 20. What is the units digit of d(9)?
1
Let y(i) = i**2 - 7*i + 9. Let s be y(6). Suppose 0 = -2*x + s*x. Suppose x = 2*t - 4 - 26. What is the tens digit of t?
1
What is the tens digit of 2493/51 - (-6)/51?
4
Suppose 3*n = -3, 2*k = -6*n + n + 59. Let t = k - 19. Suppose t + 42 = 5*a. What is the units digit of a?
1
Suppose -208 + 28 = -3*m. Suppose 0*o = 5*o + m. Let q = -3 - o. What is the units digit of q?
9
Let n = 28 - 13. What is the units digit of n?
5
Let g(t) = 4*t - 2. What is the tens digit of g(8)?
3
Let h = 1 + 3. Suppose h*l = -5*g + 101, -l - 4*g = 2*l - 76. What is the tens digit of l?
2
What is the units digit of (8/(-20))/((-2)/20)?
4
Let m(b) = b**2 - 5*b + 2. Let g be m(5). Suppose -5*t - 2*v - g + 18 = 0, -3*t + 10 = v. What is the units digit of t?
4
Suppose 0 = 2*z - z - 25. What is the units digit of z?
5
Let t(n) = 2*n + 10. Let d be t(-5). Suppose -4*z + z + 168 = 0. Suppose d*o + 4*o - z = 0. What is the tens digit of o?
1
Let l(y) = -y**2 + 6*y - 4. Let d be l(4). Suppose 0 = -4*u + 2*c + 24, 5*u - 3*u - d = -3*c. Let b = u - 2. What is the units digit of b?
3
Let w = 4 - -7. Let q(o) = -o**2 + 3. Let v be q(-3). Let k = v + w. What is the units digit of k?
5
Suppose -21 = 2*m + r - 0*r, -2*m = -r + 27. What is the units digit of 19/3 - (-4)/m?
6
Suppose -d + 2*d - 10 = 0. Let v = 5 + d. What is the tens digit of v?
1
Let b(v) = 156*v + 11. What is the tens digit of b(1)?
6
Suppose j - 16 = -4*i, 5*i + 2 = 27. What is the units digit of (j - -2) + 3 + 3?
4
Let g(m) be the second derivative of -m**3/6 + 15*m**2/2 + m. Let d(y) = -y**3 + 8*y**2 - 13*y + 6. Let x be d(6). What is the units digit of g(x)?
5
Suppose -h + 5*c + 7 = -14, -2*h - 3*c + 42 = 0. Suppose -h = -j - 2*j. What is the units digit of j?
7
Suppose f + 10 = 6*f. What is the units digit of ((-20)/6)/(f/(-6))?
0
Let v be (-7)/(-2) - 4/(-8). Suppose 4*g = -2*q + 20, q - 6*q + 8 = -v*g. What is the units digit of g?
3
Let t be 1/(-4) - (-69)/(-12). Let s be 4/3*t/(-4). Suppose d + d - s = 0. What is the units digit of d?
1
Let q(f) = -f**3 + 3*f + 3. Let a be q(-2). Let n = 9 - a. What is the units digit of n?
4
Let c = -16 - -7. Let a = 16 + c. What is the units digit of a?
7
Let o(a) = 4*a - 21. Let z(i) = i + 1. Let h be z(5). What is the units digit of o(h)?
3
Let j(x) = -x**2 - 10*x - 13. Let a be j(-7). Suppose 65 + 14 = 3*c - 2*h, -2*h = -a. What is the units digit of c?
9
What is the hundreds digit of ((-3)/(-9))/(((-4)/1692)/(-1))?
1
Suppose 0 = -3*c + 4*d + 35, -2*c + 4*d + d = -35. Suppose 38 + 27 = c*z. What is the tens digit of z?
1
Let k = -33 - -73. What is the tens digit of k?
4
Let m = 3 - -1. Suppose m*g - 30 = -g. What is the units digit of g?
6
Let w(f) = -f**3 - f**2 - 3*f + 9. Let q be w(-5). Suppose q = 3*h - 47. What is the units digit of h?
7
Suppose -l + 10 = 5*p, -1 = 2*l - 4*p - 7. Suppose 0 = -l*a + 74 + 101. What is the units digit of a?
5
Let s(u) = -u**3 + 2*u**2 + u + 1. Let x be s(2). Let b be 2/x - 10/(-3). Suppose -b*p = -2*p - 6. What is the units digit of p?
3
Let a(m) = -m**2 + 22*m + 3. What is the units digit of a(17)?
8
Suppose q + 0*q - a = -10, 4*q + 43 = 5*a. Suppose 0 = -3*c + 8*c + 3*i + 63, -i = c + 11. Let x = q - c. What is the units digit of x?
8
What is the units digit of 5*(-4 - -9 - 4)?
5
Let w = 10 - 19. Let t(o) = -o**3 + 3*o**2 + 3*o. Let m be t(-2). Let y = m + w. What is the units digit of y?
5
Suppose 2 = 3*n - 13. Suppose -t + n*t = 28. What is the units digit of t?
7
Let o = 35 - 7. What is the tens digit of o?
2
Let g be (0 + 1)/((-3)/15). What is the units digit of (15/2)/g*-20?
0
Let p be 0 + (-5 - -2) + 8. Let v(x) = x**3 - 6*x**2 + 5*x + 2. Let r be v(p). Let t = r - -1. What is the units digit of t?
3
What is the hundreds digit of -177*30/(-18)*(-6)/(-15)?
1
Suppose 5*n = -5*q + 2*n + 49, -3*n + 9 = 0. Suppose 0 = -5*t + 117 + q. Suppose 0 = -3*i - 2*r + t, 0 = -3*i - 3*r + 2*r + 23. What is the units digit of i?
7
Suppose -7*a = z - 3*a + 20, a = z + 15. Let g = z + 28. What is the units digit of g?
2
Let d(f) be the second derivative of -2*f**3/3 + 3*f**2/2 + 2*f. Let h be d(4). Let q = -4 - h. What is the units digit of q?
9
Suppose 3*a = n + 41, -2*a + n = -6 - 20. Let m be 3/a + 208/10. Suppose -3*c + 3*w + 6 + m = 0, 0 = -c - w + 5. What is the units digit of c?
7
Suppose z + 4*z = 25. Let u(t) = t**3 + t - 1. Let q(v) = 4*v**3 + v**2 + 4*v - 17. Let m(s) = z*u(s) - q(s). What is the tens digit of m(0)?
1
Let p(x) = -2*x - 4. Let m(o) = -o**2 + 6*o + 10. Let g be m(8). What is the units digit of p(g)?
8
Let h(o) = o**2 - 7*o + 6. Let j be h(6). Let s be (-3 - -6) + j/1. Suppose -s*n - 25 = -2*l - 0*n, 25 = l - 4*n. What is the units digit of l?
5
Let t(k) = -k + 14. Let a be t(11). What is the units digit of a + 5*-2*-1?
3
What is the units digit of (-116)/24*-51 - (-3)/2?
8
Let c(w) = -4*w - 10. What is the tens digit of c(-10)?
3
Let s = 65 + -53. What is the tens digit of s?
1
Let o = -23 - -77. What is the tens digit of (-4)/18 + 2226/o?
4
Let v be -10*(-3)/(-6) + -1. Let x(y) = 3*y + 0 - 4*y - 2. What is the units digit of x(v)?
4
Suppose -t = -u + 5 + 8, u - 15 = 2*t. What is the tens digit of u?
1
Suppose 11 + 11 = 2*h. What is the units digit of h?
1
Let g = -2 - -5. Suppose 4*q = 8, g*y = y - 2*q + 18. What is the units digit of y?
7
Let x(h) = h**3 + 5*h**2 + 4. Let s be (-4)/(24/(-15))*-2. What is the units digit of x(s)?
4
Let a = 9 + -12. What is the units digit of 4*-2*(-5 - a)?
6
Let l(p) = 2*p**2 + 4*p + 1. Let d be l(-3). Suppose c + 0*c = -4*b - 14, -d = -b + 5*c. What is the units digit of (-10)/b*(-12)/(-10)?
4
Let y(g) = -24*g + 56. What is the tens digit of y(-9)?
7
What is the units digit of ((-4)/(-8))/(1/272)?
6
Let x(b) = b**2 + 4*b + 7. What is the units digit of x(-5)?
2
Let f = 3 - -1. What is the units digit of (f - (-3 + 5))/1?
2
Let g(c) = c**3 + c**2 - c + 49. What is the tens digit of g(0)?
4
Let w be 4/(-2) - (-66)/6. Let a = 2 + w. What is the units digit of a?
1
Let n(c) = c + 10. What is the units digit of n(3)?
3
What is the hundreds digit of (768/(-40))/(9/(-60))?
1
Let w(s) = 0*s - 3*s + 0*s. Let f be w(1). What is the units digit of f/6 - (-93)/6?
5
What is the tens digit of 17 - -1*(1 - 2)?
1
Let k(c) = 2*c**3 - 2*c**2 - 2*c. Let l be k(2). Suppose -5*q - x + 6 = -14, x = -l*q + 15. Suppose -q*i = 29 - 94. What is the tens digit of i?
1
Let f = 147 + -89. What is the tens digit of f?
5
Suppose 0 = -4*s + 310 + 162. What is the tens digit of s?
1
Let b(t) = t**3 - 5*t**2 + 5*t - 4. Let z be b(4). Suppose z*w - 33 = -3*w. What is the tens digit of w?
1
What is the units digit of 3/(18/(-52))*18/(-6)?
6
Let f(d) = 2*d + 7. What is the units digit of f(0)?
7
What is the units digit of (-1 - -2) + 331 + -30?
2
Suppose 3*w - 9 = 3*l, 2*l - l = -3*w + 13. Suppose -g + 20 = -5*k - 6, 4*k = w*g - 8. Let v = -1 - k. What is the units digit of v?
5
Let o be (-30)/(-2) + (4 - 4). What is the units digit of 10/o*(-1 - -4)?
2
Let a = 65 + -46. What is the tens digit of a?
1
Let f be (1 + -1)*(-1)/(-2). Let b be (3/(-2))/((-18)/192). Suppose f = -n - 3*n + b. What is the units digit of n?
4
Suppose y = 4*y. What is the units digit of 4*(-2)/(y - 4)?
2
Let n be (-3)/(-6) - 22/4. Let l be 2/n - (-2)/5. Suppose l = 4*a - 0*a + 3*g - 17, -4*a + 57 = -5*g. What is the units digit of a?
8
Let z be 2/(-2) - (-1 - -3). What is the units digit of 1 + -2 + z + 5?
1
Suppose -2*r = -5*r + 12. Suppose -8*q = -r*q - 4. What is the units di